83. What is the remainder when h is divided by 4?
3
Let i(w) = 2*w + 40. Let d be i(-5). Let m = d - -26. What is the remainder when m is divided by 19?
18
Suppose y = -y + 10, 3*x + 3*y = 162. What is the remainder when (1*-2)/(3 + (-1302)/432) is divided by x?
46
Let l be 426/(-24) - 3/(-4). Let g = l + 28. What is the remainder when 142/7 + 4/(-14) is divided by g?
9
Let o = -65 - -178. What is the remainder when o is divided by 44?
25
Suppose -4*g + 12 = 5*l, 0 = -4*g + l + 4 + 8. Suppose 3*t + 2*x = -2*t + 192, -g*t + 112 = -2*x. What is the remainder when 73 is divided by t?
35
Let v(k) = 2*k**2 - 5*k - 6. Let f be v(4). Suppose f*m - 225 = m. Calculate the remainder when m is divided by 24.
21
Let z(y) = y**2 + 9*y + 8. Let m be z(-8). Suppose 209 = 4*g + c - 0*c, 3*g + 3*c - 168 = m. Suppose g + 9 = 2*o. What is the remainder when o is divided by 8?
6
What is the remainder when 1525/8 - (-7)/56*3 is divided by 63?
2
Suppose 4*w - 352 = 2*l, 364 = 20*w - 16*w + l. Calculate the remainder when w is divided by 13.
12
Let c(s) = 2*s + 33. Let l(a) = -2*a**3 + a**2 + a - 4. Let u be l(2). Calculate the remainder when 16 is divided by c(u).
1
Let y(b) = -219*b + 9. Let a be y(-3). Calculate the remainder when ((-2)/(-3))/(6/a) is divided by 15.
14
Suppose 0 = 4*v - b - 15, v + 2*b = -3*v + 6. Suppose 3*n - 3*l - 111 = 0, v*l + 109 = 4*n - 38. What is the remainder when n is divided by 10?
6
Let t be 8/3*(-12)/(-8). Suppose 0 = y - t*y + 72. Suppose -4*v = -6*v + 140. Calculate the remainder when v is divided by y.
22
Suppose 2*t = 3*l + 47, 4*l + 0 = -5*t + 129. Let p = 14 + -11. Suppose 12 = m + p. What is the remainder when t is divided by m?
7
Let y(i) = i**2 - 25*i - 17. Calculate the remainder when y(26) is divided by 1.
0
Let j = -83 + 57. Let x = 0 - j. What is the remainder when x is divided by 11?
4
Let j(h) = h**3 + 2*h**2 - 11*h + 1. What is the remainder when j(5) is divided by 55?
11
Suppose 5 + 0 = 5*l. Let r(i) be the third derivative of 7*i**6/40 + i**3/6 - 29*i**2. Calculate the remainder when 63 is divided by r(l).
19
Suppose 0 = -o + 47 - 39. Suppose d = 3*w - 15 - 54, 0 = 3*w + 2*d - 69. Calculate the remainder when w is divided by o.
7
Suppose 0 = 2*q - 5 + 3. Let y(x) = x + 4. Let m be y(-4). Suppose 0*f - f + 1 = m. Calculate the remainder when q is divided by f.
0
Suppose 15*r + 6642 = 56*r. What is the remainder when r is divided by 28?
22
Suppose 5*k + 700 = 3*m + 9*k, -3*m = -2*k - 712. What is the remainder when m is divided by 34?
32
Let g = -112 - -142. Calculate the remainder when g is divided by 3.
0
Let y = -533 + 593. What is the remainder when y is divided by 9?
6
Let m = 54 + -19. What is the remainder when 59 is divided by 7/(m/(-10))*-6?
11
Let y(q) = 125*q - 579. What is the remainder when y(5) is divided by (0 - -1)*(-5 + 18)?
7
Let d = -32 - -36. Suppose d = o - 3. Calculate the remainder when 13 is divided by o.
6
Let n(a) be the third derivative of 0*a + 1/120*a**6 + 3/8*a**4 + 11/60*a**5 + 5*a**2 + 5/2*a**3 + 0. What is the remainder when 73 is divided by n(-10)?
23
Let s be ((-7)/21)/(2/(-12)). Suppose 0 = a + a + s. Calculate the remainder when 7 is divided by (1 + 0)/(a/(-4)).
3
Let t be ((-20)/25)/((-2)/180). Suppose 10*c - t = 6*c. Calculate the remainder when c is divided by 11.
7
Calculate the remainder when 20 is divided by 1*7 - 0/(-44).
6
Suppose x - 4*g - 5 - 33 = 0, 0 = -2*x - 2*g + 46. What is the remainder when x is divided by 24?
2
Let r(f) = 5*f**3 - f - 2. Let y be r(-1). Calculate the remainder when 20 is divided by ((-126)/(-15))/y*-5.
6
Let w = 54 - 2. What is the remainder when w is divided by 28?
24
Let w = -15 - -16. Let k = w + 4. What is the remainder when k is divided by 3?
2
Suppose 5*s = -1 + 21. Let q be -26*(14/4 - s). Suppose -y + q = -12. Calculate the remainder when 47 is divided by y.
22
Suppose 345*w = 333*w + 420. Suppose 5*a + 15 = 0, 4*r - 15 - 52 = a. What is the remainder when w is divided by r?
3
Suppose 0 = t + 5*j - 386, 4*t + 3*j = 6*t - 811. Suppose -s = -4*c - 4*s + 413, -4*c + s = -t. What is the remainder when c is divided by 26?
23
Suppose 4 = 3*b - 8. Let m(x) = x**2 + 17*x + 22. Let s be m(-16). Suppose -s*t = -3*t - 21. Calculate the remainder when t is divided by b.
3
Calculate the remainder when 591 is divided by (48/32)/((-6)/(-88)).
19
Let u = -1605 + 1654. Calculate the remainder when 89 is divided by u.
40
Let b = -2 + 10. Let k = 42 + -34. Calculate the remainder when 252/b*4/6 is divided by k.
5
Let v = 6789 - 6771. Let w = -33 + 86. Calculate the remainder when w is divided by v.
17
Suppose 0 = 5*f + 119 - 439. Let m = f + -28. What is the remainder when 69 is divided by m?
33
Calculate the remainder when 55 is divided by 1404/180 + (-1)/(-5).
7
What is the remainder when (-282)/(-4) + (-99)/(-66) is divided by 13?
7
Let x = 25 + -11. Let s(b) = 3*b**2 - 8*b + 6. Let p be (-1)/(-3) - 16/(-6). What is the remainder when x is divided by s(p)?
5
Suppose -6 = -10*o + 8*o. What is the remainder when 1*11*(o - -2) is divided by 19?
17
Suppose -2*r + 3*r - 67 = 0. Calculate the remainder when r is divided by 4 + (-195)/(-10) - (-7)/(-14).
21
Suppose -4*n - 70 = -2*p - 2*n, -2*p = -3*n - 73. What is the remainder when 63 is divided by (-2 - -4 - 4)/((-8)/p)?
7
Suppose 0*d - 11*d + 3817 = 0. Calculate the remainder when d is divided by 88.
83
Let u(m) = -2*m**3 - 2*m. Suppose 164 = 2*o + q - 6*q, 3*o + 4*q = 223. What is the remainder when o is divided by u(-2)?
17
Let p = 14 - -11. Suppose -3*j = -4*v - 69, -21*v = 4*j - p*v - 88. What is the remainder when 4/14 - (-523)/7 is divided by j?
18
Let i(d) = 0*d + 35 + d + 27. What is the remainder when i(-14) is divided by 18?
12
Suppose 0 = y - 1, 5*i - 194 = -5*y + 151. Calculate the remainder when i is divided by 35.
33
Let c be 42*((-20)/14 - -4). Suppose 0 = 2*m - 5*m + c. Let t = m - 26. Calculate the remainder when 29 is divided by t.
9
Let f be (-54)/(-4) + 6/(-4). Let g = 6 - f. Calculate the remainder when 15 is divided by g/3*(-36)/8.
6
Let f = 1488 - 1211. Calculate the remainder when f is divided by 96.
85
Let a(w) = 2*w**2 - 2*w - 5. Let f(o) = o**2 - 31*o - 48. Let z be f(33). What is the remainder when (z/(-15))/((-178)/(-60) - 3) is divided by a(4)?
17
Suppose 5*c = 3*f - 19, 0*f - 5*c - 13 = -f. Suppose f*x = 8*x - 290. Let v(l) = -637*l - 1896. Calculate the remainder when x is divided by v(-3).
13
What is the remainder when 364 is divided by -59 - -57 - (0 - 95)?
85
Suppose -60 = -2*k + 84. Calculate the remainder when k is divided by 13.
7
Let m = -112 + 153. What is the remainder when 77 is divided by m?
36
Let q(h) = 23*h**3 - h**2 + 1. Let k be -24*(-3)/9*1. Suppose 7*r - k*r = -1. What is the remainder when 89 is divided by q(r)?
20
Suppose 2*t - 61 = -s, s - 4*t - 58 = -7*t. What is the remainder when s is divided by 8?
3
Suppose -7*p - 5 = -8*p. What is the remainder when 91 is divided by p?
1
Let c = 22 - -73. Suppose 9*h = c + 13. Calculate the remainder when 80 is divided by h.
8
Suppose 5*m + 5*s - 1305 = 3*s, -4*m = -4*s - 1044. What is the remainder when m is divided by 33?
30
Suppose -472 = -6*i - 166. What is the remainder when i is divided by 24?
3
Suppose -3*v + 5*z = -27 + 85, 3*v + 90 = -3*z. Calculate the remainder when -3 - (-1)/(-2)*v is divided by 3.
1
Let o(n) = -443*n - 2. Let g be o(-1). Suppose 0 = -5*w + g - 126. Calculate the remainder when w is divided by 34.
29
Let f = -30 + 72. Let x = -14 + f. Calculate the remainder when 15 is divided by 6/(-21) + 176/x.
3
What is the remainder when (-60)/75*(1 - 6) is divided by 3?
1
Suppose -3*c + 3*a + 12 = 0, 0*c = c + 3*a - 4. Suppose c*g = 2*d + 306, -g - 5*d + 91 = -2. Calculate the remainder when g is divided by 20.
18
Let d(m) = -11*m**3 - 5*m**2 + 7*m + 24. What is the remainder when 79 is divided by d(-2)?
1
Suppose -69 = -c + 5*a, 3*a + 60 = c + a. What is the remainder when 214 is divided by c?
52
Let r(a) be the second derivative of 4*a**4/3 + 2*a**3 - 3*a**2/2 + 16*a - 2. Calculate the remainder when r(2) is divided by 24.
13
Let q(f) = -f**3 - 6*f**2 + 7*f + 7. Let n be q(-7). Calculate the remainder when n*(10/75 + (-193)/(-15)) is divided by 32.
27
Let s = -12 - -41. Let b(l) = -l**3 - 8*l**